*r - 4*r - 5. What is w(r)?
4
Let j(n) = n**3 + 3*n**2 - 4*n - 3. Let g be j(-3). Suppose -5*a + 16 + g = 0, 5*v + 4*a = 10. Let z(c) = -5*c - 1. Determine z(v).
9
Let n(y) = 4*y - 2 - 3*y**2 + 2*y**2 + 1 + 7. Calculate n(5).
1
Let o(s) = s**2 + 7*s + 8. Let x be (2/4)/(20/(-240)). Calculate o(x).
2
Let j = 61 + -53. Let p(o) = -o**2 + 8*o - 3. Calculate p(j).
-3
Let x(n) = n - 6. Let t be x(8). Let w(y) = 6*y - y + y - 7 + 2*y**t - y**2. Calculate w(-6).
-7
Let w(r) = r**2 + 5*r + 2. Suppose -3*b - 16 = b. Give w(b).
-2
Let v(j) = j**2 - 4*j - 2. Let z = 23 - 18. What is v(z)?
3
Let r(v) = -v**3 - 7*v**2 + 4*v - 10. Let w be r(-8). Suppose -f = 6*b - 2*b - 2, -3*f + 4*b + w = 0. Let s(c) = c**3 - 7*c**2 + 6*c + 4. Determine s(f).
4
Let x(p) = -p**3 - 5*p**2 - 3*p + 2. Let l(z) = -z**2 + 4*z + 4. Let r be l(4). Suppose -2*u = j - 1 + 8, r*u = -8. Calculate x(j).
-7
Let k(i) be the first derivative of -i**3/3 - 3*i**2 - i - 8. What is k(-3)?
8
Let j(h) = 4*h**3 + 1 + h**3 - 2*h**2 + 0. Calculate j(1).
4
Let q(l) = -l + 1. Let m(b) = -b - 6. Let i = 13 + -11. Let p(j) = i*q(j) + m(j). Give p(-3).
5
Suppose -3*m + 2 + 7 = 0. Let n(j) = 2*j - 3*j - 2*j - m. Calculate n(-3).
6
Let a(j) = 3*j + 1 - 4 - 2*j. Let t be a(5). Let q(s) = 3*s**t - 3*s + 3 - 4*s - s**3 + 3*s**2. Give q(5).
-7
Let v(z) = -z**2 - 3*z + 6. Let d(l) = 4*l**2 + 11*l - 25. Let a(n) = -2*d(n) - 9*v(n). Let k be (-4)/(2 + (-4)/3). Calculate a(k).
2
Let k(o) = o - 2. Let a(i) = 1 - 4*i - 5*i**2 + 6*i**2 - 2*i**2. Let b be a(-3). Calculate k(b).
2
Let j(z) be the first derivative of z**3/3 + 3*z**2 + 5*z - 1. Let d(g) = -g**3 + 6*g**2 - 5. Let m(l) = 2*l - 8. Let k be m(7). Let p be d(k). Give j(p).
0
Suppose 2*v + 5 = -y, y - 4*y + 3*v - 15 = 0. Let l(t) be the first derivative of t**3/3 + 3*t**2 + 4*t + 1. Calculate l(y).
-1
Suppose 5*z + 4*v - 25 = -v, 0 = 4*z - 5*v + 25. Suppose 4*a + 0*a = z. Let q(n) = 29*n**3 - 2*n + 3*n - 57*n**3 + 2 + 27*n**3 + n**2. Calculate q(a).
2
Suppose -4 = -g - l, -2*l + 5*l = 6. Let h(o) = -o**g - 9*o + 4*o**2 + 3*o - 4*o**2. Calculate h(-5).
5
Let c(g) = g**2 + 8*g + 7. Suppose 2 = -3*q + 8. Suppose 0 = -2*t - t + 12. Suppose t*d - 2*k = -18, d - q*k = -2 - 1. Calculate c(d).
-8
Let p(c) be the third derivative of -c**4/24 + 5*c**3/3 + 10*c**2. Determine p(5).
5
Let r be (-22)/(-3) - (-2)/(-6). Let q = 8 - r. Let m(t) = -7*t**2 + t. Calculate m(q).
-6
Let u be ((-10)/(-25))/((-1)/(-15)). Let m(c) = -c**2 + 4*c + 5. What is m(u)?
-7
Suppose f = 5*b + 10, 40 = -5*b - 3*f - 2*f. Let x(p) = 5*p - 2. Let j(s) = s - 1. Let r(w) = -3*j(w) + x(w). Give r(b).
-5
Suppose 12 = -0*v - 3*v. Let p = -8 + 15. Let m = p + v. Let s(x) = -x**3 + 2*x**2 + 3. What is s(m)?
-6
Let a(w) = -w**2 - 2*w + 4. Let p(g) = -5*g**2 + 3*g**3 - 2*g**3 - 2*g**3 + 8*g + 8. Let z be p(-6). Calculate a(z).
-4
Let t(c) = -3*c - 3. Let s(w) = -2*w - 1. Let p(l) = -5*s(l) + 3*t(l). Let o = -14 - -20. Determine p(o).
2
Let x(u) = -3*u + 20. Let b(n) = -n + 7. Let s(f) = -11*b(f) + 4*x(f). Determine s(9).
-6
Let v be (4 - 3)/(1 - 0). Let f(x) = 13*x**3 + x**2 - 2*x + 1. Calculate f(v).
13
Let c be 9/2 + (-2)/4. Let p = c + -4. Suppose p = -5*j - 4*s + 6, 1 = -5*s - 4. Let o(t) = t - 1. Calculate o(j).
1
Let g be (-2 + -2)/((-4)/6). Let w(c) be the first derivative of -c**5/120 + c**4/4 - c**3 + 2. Let y(f) be the third derivative of w(f). What is y(g)?
0
Suppose 0 = -u + 4*u + 5*s + 20, -5*u + s = 24. Let x(i) = 4*i + 3. What is x(u)?
-17
Let j = 7 - 3. Let u(g) = 4 + j*g - 3 - g + 4*g. What is u(-1)?
-6
Let h(m) be the second derivative of -m**5/20 - m**4/6 + m**3/6 + m**2 + 4*m. Give h(-3).
8
Let v(q) = q + 5. Let m(y) be the first derivative of 1/2*y**2 + 1 + 17*y. Let j be m(-12). Give v(j).
10
Let r(h) = h**3 - 2*h**2 + h - 1. Let f(g) = -g. Let s be f(-1). Calculate r(s).
-1
Let n(f) = -f**3 + 5*f**2 + 5*f + 3. Let g = 42 - 36. Calculate n(g).
-3
Let r be (-3 + 2)*1*0. Let i(o) = o + 6. What is i(r)?
6
Let n(o) = o**2 + 11*o + 2. Let r(h) be the first derivative of h**3/3 + 5*h**2 + 2*h - 5. Let p(g) = 3*n(g) - 4*r(g). Calculate p(-6).
4
Let v(g) = 8*g**2 - 2*g. Let z be v(1). Let b(w) = -w + 5. Give b(z).
-1
Let p(q) = -q. Let n(j) = -7*j**3 - 2*j**2 + 3*j. Let c(z) = -n(z) - 4*p(z). Calculate c(-1).
-6
Let l(h) = 3 + h - 2*h + 2*h. Let g(u) = u**2 - 10*u - 3. Let i be g(10). What is l(i)?
0
Let r(x) = x**2 + 2*x - 3. Let m be r(2). Let a = m + -7. Let h(b) = b - b - b**2 + 2*b + 2 - b**3. Give h(a).
2
Let f(z) = z**3 + 8*z**2 - 2*z - 9. Suppose -2*i - g = -2*g + 12, 5*i = 3*g - 28. Determine f(i).
7
Let v = 3 + -5. Let f(j) be the second derivative of j**5/30 + j**4/8 + j**3/2 + j**2 + 6*j. Let m(k) be the first derivative of f(k). Calculate m(v).
5
Let y(d) = 4*d**2 + 2*d. Let t(b) = 0 - 7*b + 3 - 2*b + 7 + b**2. Let w be t(7). Let j = -6 - w. Calculate y(j).
12
Let t(k) = -3*k**3 + 5*k**2 + 4 - 3*k - 2 + 2*k**3. Suppose 6 = -5*v - 2*u + 26, -4*v + 16 = -4*u. Give t(v).
6
Let t(f) = f. Let z(i) = i**2 - 3*i - 4. Let u be z(5). Give t(u).
6
Suppose n = -2*n - 3*b - 3, 3*n + 2*b = -2. Suppose n = -3*g + 3*v + 15, 0 = -3*g - v + 5 + 14. Let r(s) = s**3 - 6*s**2 + s - 3. Determine r(g).
3
Let l(v) = -v**3 + 4*v**2 + 2. Let c be 3 - (6/45 + (-6)/45). What is l(c)?
11
Let v(s) = s**2 + 5*s - 1. Suppose 3*f - 4 = 4*f. Give v(f).
-5
Let m(g) = 2*g - 2. Let y = -5 - -5. Suppose 0 = q - r - 5, y = 5*q + 2*r - 13 + 2. Give m(q).
4
Let t(b) = -2*b + 12. Let p be t(8). Let x(s) = -s**2 - 6*s - 5. Let l(m) = 2*m**2 + 0*m**2 + 13 - 4 + 11*m. Let u(h) = 3*l(h) + 5*x(h). Calculate u(p).
6
Let s(w) = -3*w**2 - 15*w + 5. Let m(n) = -n**2 - 5*n + 2. Let d(q) = 7*m(q) - 2*s(q). Determine d(-5).
4
Let w(l) = -l**2 - 4*l - 1. Let i = 7 - 7. Suppose 10 = -5*u - i. What is w(u)?
3
Let k(m) be the second derivative of -m**5/20 - 5*m**4/12 - m**3/2 + m**2 + 3*m. Suppose 1 = a - 3. Suppose -16 = a*s, 2*r + 4*s - 2*s + 14 = 0. Give k(r).
-7
Let t(h) be the first derivative of -2*h**3/3 + h**2/2 + h - 4. Suppose 5 = 2*q + 1. Calculate t(q).
-5
Suppose 3*m + 0*m + 24 = 4*q, 4*q + 2*m = 4. Let u(x) = -2*x + q + 7*x - 8*x. Calculate u(6).
-15
Let j be (1/(4/(-6)))/(8/16). Let o(u) = -u + 4. Give o(j).
7
Let g(z) = -15*z**3 - z**2. Suppose -2*u - 2 = -s - 7*u, -8 = -4*s + 3*u. Let m(h) = -h**3 - h**2 + h - 1. Let p be m(s). Let o = 10 + p. Give g(o).
14
Let t be ((-28)/(-12) + -2)*-6. Let d(o) = -3*o + 10. Let c(q) = -q + 3. Let p(l) = 7*c(l) - 2*d(l). Let g(a) = a + 3. Let r(k) = g(k) - 2*p(k). Give r(t).
-5
Suppose 3*g + 9 = -3*z, z - 3*g = 2*g + 3. Let n(q) = -q - 2. Let c(i) = -5*i - 9. Let l(k) = z*c(k) + 9*n(k). Give l(5).
5
Let n(i) = -3*i - i + 5*i - 2*i - 3. Determine n(-3).
0
Let j(q) = 10*q**2 + 28*q + 12. Let h(u) = -3*u**2 - 9*u - 4. Let a(f) = 7*h(f) + 2*j(f). What is a(-3)?
8
Let o(p) = 3*p - 13. Let j(m) = -12*m + 51. Let g be -4*1*60/16. Let h(c) = g*o(c) - 4*j(c). Give h(6).
9
Let m = 6 - 2. Let l(v) = -v. Give l(m).
-4
Let z be (-15)/(-6)*6/5. Let i = z + -2. Suppose -2*j + 3*j - i = 0. Let d(w) = 5*w**3 + 2*w**2 - 1. What is d(j)?
6
Let x(m) = -m**3 + 2*m**2 - 2. Let i be (-3)/(-9) + (-20)/(-12). Suppose 3*h - 4*h = -i. Determine x(h).
-2
Let r(m) = m**2 + 5*m - 2. Let v(i) be the third derivative of 1/24*i**4 + 1/6*i**3 + 0 + 0*i - 2*i**2. Let c be v(-6). What is r(c)?
-2
Let v(i) = -11*i + 1. Let o = 51 - 50. What is v(o)?
-10
Let l(s) = -s**2 - 7*s - 4. Suppose 5*x - 2*x + 12 = 0. Determine l(x).
8
Let u(d) = d + 1. Let f be u(1). Let c be (3 + 0)/(3 - f). Let v(g) = g**2 - 3*g. Determine v(c).
0
Let s(q) be the third derivative of 0*q + 0 + 1/120*q**6 + 7*q**2 + 0*q**5 + 0*q**4 - 2/3*q**3. Determine s(0).
-4
Let r(p) = 2 + 4 + 25*p - 4 - 22*p. What is r(-3)?
-7
Let r(a) = -a**2 + a. Let f(j) be the first derivative of 1/3*j**3 + 2 + 3/2*j**2 - 4*j. Let g be f(-4). What is r(g)?
0
Let f = 7 + -10. Suppose o + 2*s = 3, 0*o = 4*o + 5*s - 9. Let r(x) = o - 3 + 2*x + 2. What is r(f)?
-6
Let p(b) = 2*b - 3. Suppose -3*l + 2 = -7. Give p(l).
3
Suppose 0 = -2*y + 3*y - 3. Suppose 0 = 4*w - 5*h - 20, y*w + 5*h = h - 16. Let v(z) = z - 11. Give v(w).
-11
Let d(j) = -6*j - j + 3*j. Give d(-2).
8
Let z(s) be the second derivative of -s**5/40 + s**4/8 + s**3/2 + 3*s. Let x(k) be the second deriva